 is 1 + -4 - (-1 + 4 - 3)?
-3
Evaluate 0 + (0 - 5) + (1 - 1).
-5
What is the value of (0 - 7) + 34 + -24?
3
What is the value of 25 + -21 + (-4 - -1) - 4?
-3
What is -2 - ((-2 - -1) + (5 - 3))?
-3
Calculate -4 - (-3 + 3) - -2.
-2
Evaluate 1 + -1 - (29 - 23).
-6
Calculate -2 + 7 + -3 + -6.
-4
Evaluate 5 - ((-2 - -13) + -4).
-2
What is 3 + 6 - (15 + 1)?
-7
3 - ((2 - (0 + -5)) + -2)
-2
What is 6 - (-4 + 7 + -1 - -6)?
-2
Evaluate -2 + -4 + 0 + 5 - -5.
4
What is the value of -3 + 2 + -2 + 1 + -2?
-4
-12 + -9 + 13 + 12
4
Evaluate -9 + (3 - -7) + 0.
1
Calculate -2 - (-5 + (-2 - (-6 - 1))).
-2
11 + (2 - 9) + -2
2
(1 - -13) + (30 - 35)
9
What is the value of -7 - 1 - (-3 - 3)?
-2
Calculate (7 - (4 - 4)) + -4.
3
Evaluate -22 + 20 + 2 + 2.
2
What is the value of -2 + (3 - 4) + 12 + -10?
-1
What is -4 - (4 + -3 - -3 - 4)?
-4
What is the value of -4 + ((6 - 7) + -2 - 0)?
-7
Evaluate -5 - (-7 - -1) - 1.
0
Evaluate -8 + (-2 - -2 - (24 + -27)).
-5
Calculate 0 + 8 - (0 + 15).
-7
Calculate (1 - 3 - (-8 - -5)) + -6.
-5
Evaluate -1 + 6 + 4 + 2 + -4.
7
What is the value of 2 - (-9 - -2) - (74 + -75)?
10
What is -7 - 0 - ((13 - 9) + -9)?
-2
Evaluate (3 - 15) + (-12 - -19).
-5
(-2 - (-1 + 1)) + -9 + 15
4
Evaluate 10 + 1 + 0 - 14.
-3
What is -11 - (-11 + (6 - (5 - 5)))?
-6
Calculate -1 - 5 - (2 + -5 + -2).
-1
What is 1 + 4 + -1 + 2 + -6?
0
Evaluate 5 - 2 - (-6 - -5).
4
Evaluate -3 - -4 - 1 - (-6 - -4).
2
What is 7 + -20 + 9 + (9 - 1)?
4
8 + -8 - (3 + -10 - -4)
3
9 - (8 - (7 + -15))
-7
What is the value of (-5 - -4 - (2 - 3)) + -5?
-5
0 - (6 + 6 + -7)
-5
What is 3 + (2 - 17 - -7)?
-5
What is (7 - 3) + 1 + -36 + 39?
8
Evaluate -5 - (-15 - (-3 + -1)).
6
Evaluate 2 + 1 + -2 + -1.
0
(-1 - 6) + (131 - 130)
-6
What is -3 + (2 - (3 - 6))?
2
-2 - 4 - (-6 - -2)
-2
What is 11 - 9 - -7 - 2?
7
Evaluate -10 + -2 - (6 + -25).
7
What is 1 - 4 - (17 + -23)?
3
-7 + 6 + -5 + 4 + 7
5
Calculate 13 - (21 + -20 + (1 - -3)).
8
Calculate -19 - (-2 - 7) - (-7 - -1).
-4
What is (2 - 4) + 3 + 0?
1
6 + -6 + -1 - (0 - 0)
-1
Calculate 19 - 10 - (-1 - 0 - -14).
-4
-11 - ((10 - 4) + -12)
-5
What is the value of -3 + (-5 + 3 - -3)?
-2
What is 1 - (3 - (1 + (-1 - -2)))?
0
Calculate 22 + -21 + (2 - 4).
-1
Calculate -5 - 2 - -23 - 6.
10
Evaluate (-84 - -85) + -3 + 0.
-2
What is the value of (3 - (-5 + 13)) + -3?
-8
(-4 - (-1 + -1 + 2)) + 1
-3
What is the value of 113 - 112 - (1 + -6)?
6
What is -24 - -33 - (1 + 15)?
-7
Evaluate (-30 - -38) + (-6 - 1).
1
What is 5 + 3 + -4 - 6?
-2
What is -1575 + 1560 + (1 + -1 - -7)?
-8
What is the value of 8 - (6 - (-2 + -5 - -4))?
-1
What is (-1 + 5 - 16) + -20 + 22?
-10
3 + (5 - (-4 + (4 - -4)))
4
Evaluate 4 + -7 + (-3 - -4).
-2
What is the value of (-1 - 0 - (-3 + 3)) + 2?
1
Evaluate 9 + -8 + -6 + 6.
1
What is -6 + -2 - (-32 + 20)?
4
-2 + 0 - (-7 - (-12 - -7))
0
What is 7 + (-9 - (10 + -6))?
-6
-12 - (0 + 0) - (-5 - -1)
-8
What is 0 - (-1 - 0 - (2 - 7))?
-4
What is the value of 2 + 0 + -1 - (-4 - 0)?
5
Evaluate (-2 - -7) + (-9 - 3).
-7
What is 0 + 6 + 0 - 5?
1
Calculate -4 + 6 + (0 - 4).
-2
-9 + 3 - (-2 - (-1 - -3))
-2
Evaluate 0 + -1 + -3 + (3 - -3).
2
What is the value of -2 - (8 + -4) - -2?
-4
-13 + 5 - -16 - 10
-2
Evaluate 3 - (-1 + -1) - (1 - -3).
1
Calculate -10 - -14 - (6 - (-4 - -3)).
-3
-18 - (12 - 23) - -11
4
What is 2 - (10 - 3) - (-25 + 21)?
-1
What is the value of 4 - (0 + 4) - 4?
-4
(9 - (-2 + 5)) + 0 + -1
5
What is 0 + 2 - (-4 + 3 - -3)?
0
What is 9 + (-1 - 9) + -13 + 18?
4
What is the value of 4 - 2 - (5 + 1)?
-4
Evaluate 6 - (6 - 2 - -1).
1
What is (6 - -4) + -10 - 1?
-1
8 - (-4 + 1 + -7 + 13)
5
Calculate 1 + -3 + -1 + 5.
2
Evaluate -10 + 5 - (0 + -7 - 3).
5
Evaluate (0 - -3) + (-9 - -17) + -3.
8
-4 - -2 - (7 + -3 + -4)
-2
0 + -1 - (-4 + (8 - 3))
-2
(-1 - 2) + -1 + 3
-1
What is -18 - -29 - (2 + -3 + 6)?
6
What is the value of (7 - 3) + 1 + -2 + -5?
-2
Calculate 6 + -9 + 5 + -3 + -3.
-4
What is the value of 2 - (-2 - -6) - -1 - -6?
5
(-1 - 0) + 6 + -8
-3
Calculate (-1 - -2) + 3 + -5 + -1.
-2
What is 2 + -7 - -2 - (1 + -2)?
-2
What is the value of 11 - 7 - (2 + -3 + 6)?
-1
Calculate -3 - (0 + (-3 - -1) + 3).
-4
What is 0 + (-2 - -4) + 0?
2
What is -3 + (8 - 1) + -2 + -1?
1
Evaluate -6 + -1 + 6 - -4.
3
Calculate (-3 + -4 - -13) + -7 + 11.
10
Evaluate 6 + -4 - (2 + (3 - 1)).
-2
What is the value of 4 + (-2 - -2 - 4) - -7?
7
-10 + 5 + (7 - 1)
1
Evaluate -238 - -251 - (6 - (1 - 1)).
7
-7 - (0 - (0 + 1) - 1)
-5
-3 + (6 + (3 - 8) - -3)
1
Evaluate -5 + 8 + -3 + (1 - -4).
5
What is the value of (-23 - -22) + -3 + 1 + 6?
3
What is 14 + -13 - (7 + -3 + -4)?
1
0 - 1 - (4 - 5 - -2)
-2
-3 - (-6 + (0 - 1))
4
What is -1 + (7 - 13) + 10?
3
Calculate -2 - (-7 + 4) - (0 + -1).
2
Evaluate 0 - -3 - (-2 - -5).
0
Evaluate 8 - ((4 - 11) + 8).
7
What is the value of 6 + -23 + 14 + 7 + -3?
1
Calculate -1 + -2 + (-6 + 2 - -4).
-3
-6 + -9 + (9 - -7)
1
What is the value of -1 + 2 + (6 + -3 - 1)?
3
0 - (-3 - 6) - 9
0
Calculate -8 + (0 - -2) - (80 - 87).
1
Calculate 3 + -3 + (7 - 3).
4
What is 3 + 2 + (-3 - -1) - -3?
6
What is the value of (-5 - -4) + 3 + 2?
4
Evaluate 7 + -8 + (-1 - -5) + 0.
3
Evaluate -10 + (8 - (5 + -1)) - -1.
-5
What is the value of -7 + (11 - -7) + -2?
9
Evaluate 2 + (3 - 11) + 6.
0
Evaluate 1 - ((8 - 11) + 8).
-4
Evaluate (-9 + 13 - (1 + 7)) + 0.
-4
What is (-14 - -10) + (2 - 3)?
-5
10 + -15 + (9 - -1)
5
What is 6 + -6 + 5 + -4 + 5?
6
(2 + -5 - 1) + -1
-5
What is (3 + 0 + -6 - -2) + 2?
1
What is the value of (1 - -6) + 5 + 5 + -10?
7
What is (-5 - -2 - -3) + -4 + 1?
-3
What is the value of (-6 - (-1 - 4)) + 1?
0
What is 1 + -3 + -4 + 10 + 1?
5
-1 + (-3 - (0 + -2))
-2
What is 7 + 2 + -14 + 1?
-4
What is the value of (-4 - (0 - 0)) + (9 - 9)?
-4
What is the value of (-16 - (-4 + -4)) + 7 - 0?
-1
What is 0 + 3 + (9 - 9) + -14?
-11
2 + -1 - (7 - (-5 + 16))
5
Evaluate 3 - (11 + -16 + 7).
1
2 + 11 + (26 - 33)
6
What is the value of 0 + 3 - 1 - 4 - -2?
0
Evaluate -8 + (5 + -18 - -22).
1
Evaluate -1 + 2 + 13 + (5 - 16).
3
(0 + -7 - 14) + 10
-11
What is 5 + -6 + 2 + -8 - 2?
-9
What is 4 + (3 + 0 - 1) - 2?
4
Evaluate 7 + -10 - (1 - 3 - 0).
-1
What is (-2 - 0) + -6 + 6 + -1?
-3
Evaluate 0 - 3 - (0 - 4) - -3.
4
What is the value of -3 - ((-1 - -8) + (7 - 25))?
8
What is the value of 3 - (-3 + 5 - -5)?
-4
What is 6 - 8 - (3 - (3 + 1))?
-1
What is the value of -7 + -6 + 7 + (0 - -4)?
-2
Evaluate 2 + -4 + (6 - 2).
2
Evaluate 13 + -1 + -5 - 5.
2
What is the value of -17 - (-18 + 11 - 1)?
-9
Evaluate -4 + -3 + (5 - 0) + -2.
-4
What is 3 - -1 - (2 - (-8 - 0))?
-6
Calculate -1 + 10 + -18 + 16.
7
2 - 8 - (-40 - -33)
1
Evaluate 0 + -6 + (-1 - -2).
-5
Calculate -4 + -4 - (-16 - (3 - 4)).
7
Calculate -6 - ((4 - -2) + -12).
0
What is the value of 1 - (8 - 3 - (2 + -2))?
-4
Calculate (1 + -3 - -1) + -2 + 4.
1
Calculate -1 + (3 - (-1 + 3)).
0
Evaluate 2 + 4 + -4 + 3 - 1.
4
What is the value of 10 - ((-3 + 1 - -1) + 6)?
5
(7 - 4) + (3 - 2)
4
Evaluate (4 + -10 - 0) + 2 + -1.
-5
What is the value of -3 - (3 + -2 + -4) - 4?
-4
What is (0 - (5 - 7)) + -8?
-6
(2 - 3) + -3 - -1
-3
What is (5 - 0) + -45 + 38?
-2
Calculate 324 + -324 + 0 + 9.
9
What is (14 - 6) + -11 + 4?
1
Evaluate -9 + 3 + 5 + -4.
-5
2 - (-2 + -6 + 10)
0
(-5 - -7) + -10 - -7
-1
What is the value of -3 + 7 + -9 + -1 + 1?
-5
5 - (-1 - -7) - (-1 - 0)
0
Evaluate -9 - -2 - (-2 + -5).
0
Evaluate -3 + (-2 - -1 - -1).
-3
Calculate 5 - (-1 - 1 - (-40 - -38)).
5
-1 + 0 + 2 + (-6 - -2)
-3
Calculate -4 - ((-5 - -2) + 10 - 8).
-3
(0 - 2) + 3 + (-4 - -5)
2
What is the value of (-6 - 0) + (-6 - -8)?
-4
What is the value of 19 + (6 - (4 - -13))?
8
Calculate 9 - 1 - (-9 - -9).
8
Calculate (5 - (-3 - -7 - 2)) + -2.
1
(-6 + 14 + 2 - 6) + -9
-5
Evaluate -6 - (-2 - (5 - 10 - -1)).
-8
What is the value of 9 + (-4 - (-5 + 5))?
5
What is the value of (-3 + -4 - 0) + 6?
-1
What is the value of 0 + 5 - ((8 - 10) + 4)?
3
Evaluate -1 - (6 + -4) - -8.
5
What is the value of 0 + 8 + (8 - 23) + 9?
2
What is the value of 5 + -2 + (-2 - 2)?
-1
Evaluate -1 - (-2 - (-3 + 0)).
-2
What is the value of 4 + (0 + 0 - 3)?
1
What is the value of -8 + 8 - 7 - -1?
-6
What is -10 + -6 + 11 - (-1 - -1)?
-5
What is the value of -7 - (4 + -17) - 6?
0
-7 + 8 + 4 + -4
1
What is the value of -2 - 1 - (40 - 50)?
7
Evaluate 16 - 4 - (2 + 7).
3
What is 6 + -1 + 6 + -4 + -